 the greatest common factor of 253 and 16?
1
Calculate the highest common factor of 1104 and 14604.
12
Calculate the greatest common divisor of 4582 and 2407.
29
Calculate the highest common factor of 91 and 213367.
7
Calculate the highest common divisor of 54 and 10851.
3
What is the highest common factor of 7124 and 364?
52
What is the greatest common divisor of 40012 and 77?
7
What is the highest common divisor of 360 and 30440?
40
What is the greatest common factor of 1786 and 439262?
94
Calculate the greatest common factor of 5984 and 13651.
187
What is the highest common divisor of 25930 and 40?
10
Calculate the highest common factor of 351840 and 480.
480
Calculate the greatest common divisor of 4720826 and 3894.
1298
Calculate the highest common divisor of 1279646 and 5296.
662
Calculate the highest common divisor of 48 and 60948.
12
What is the greatest common divisor of 1174447 and 76?
19
What is the greatest common factor of 27 and 1609308?
27
What is the highest common divisor of 8773850 and 926?
926
What is the highest common factor of 87314 and 879?
293
Calculate the greatest common divisor of 4424 and 4648.
56
Calculate the greatest common factor of 34086 and 988.
494
What is the greatest common divisor of 2 and 6661?
1
What is the highest common factor of 13748288 and 64?
64
What is the highest common factor of 1102 and 304?
38
What is the highest common factor of 105 and 569415?
105
What is the highest common divisor of 182513 and 2391?
797
What is the greatest common divisor of 1 and 16889?
1
What is the highest common divisor of 10304 and 54418?
322
Calculate the greatest common divisor of 53106 and 318.
318
What is the highest common divisor of 48 and 93616?
16
What is the greatest common factor of 1705 and 913?
11
Calculate the highest common divisor of 173 and 8248986.
173
Calculate the greatest common divisor of 494 and 2804685.
247
What is the highest common factor of 77033 and 9387?
149
Calculate the greatest common factor of 2172 and 112.
4
What is the greatest common factor of 11421 and 3?
3
Calculate the highest common divisor of 90 and 11205.
45
Calculate the highest common factor of 7992117 and 63.
63
Calculate the highest common factor of 9504 and 8613.
297
Calculate the greatest common factor of 8711 and 31.
31
Calculate the highest common divisor of 58707 and 1089.
99
What is the greatest common factor of 15111 and 161?
23
What is the greatest common factor of 3636 and 522?
18
Calculate the greatest common divisor of 14 and 623.
7
What is the highest common divisor of 83611 and 143?
11
Calculate the greatest common factor of 37922 and 1474.
134
What is the greatest common factor of 3345 and 3765?
15
What is the highest common divisor of 128 and 543776?
32
What is the greatest common factor of 1636 and 39673?
409
Calculate the greatest common divisor of 253 and 3025.
11
What is the greatest common divisor of 34656 and 2208?
96
Calculate the highest common factor of 842748 and 12.
12
What is the highest common factor of 44228 and 4?
4
What is the highest common divisor of 27398 and 798?
266
Calculate the highest common factor of 286141 and 18559.
277
What is the highest common factor of 1403 and 1863?
23
What is the greatest common factor of 123735 and 2825?
565
Calculate the highest common factor of 231 and 214599.
231
What is the greatest common divisor of 51834 and 212?
106
Calculate the highest common divisor of 95625 and 595.
85
Calculate the highest common divisor of 286812 and 744.
372
What is the greatest common divisor of 906609 and 1245?
249
What is the highest common factor of 251 and 4016?
251
What is the highest common factor of 184928 and 176?
16
Calculate the greatest common factor of 84113 and 15844.
233
What is the highest common divisor of 435 and 161095?
145
Calculate the highest common factor of 111470 and 10.
10
Calculate the greatest common factor of 1962 and 4356.
18
Calculate the greatest common divisor of 28 and 34118.
14
Calculate the greatest common factor of 47776 and 20.
4
Calculate the greatest common factor of 473 and 341.
11
Calculate the greatest common divisor of 3093 and 204.
3
Calculate the greatest common factor of 330286 and 88.
22
Calculate the highest common factor of 215159 and 49.
49
What is the greatest common divisor of 759 and 125442?
69
What is the greatest common divisor of 3102750 and 18?
18
What is the highest common factor of 252743 and 2?
1
Calculate the greatest common divisor of 1343 and 31841.
17
What is the highest common divisor of 2943 and 3379?
109
Calculate the highest common divisor of 26 and 1878994.
26
Calculate the greatest common divisor of 21448 and 224.
56
What is the greatest common divisor of 99411 and 585?
39
What is the highest common factor of 345982 and 182?
182
Calculate the greatest common divisor of 33 and 134948.
11
What is the greatest common divisor of 382 and 19972870?
382
Calculate the highest common factor of 78 and 136630.
26
Calculate the highest common divisor of 2585 and 258030.
235
Calculate the greatest common factor of 22416 and 744.
24
Calculate the greatest common factor of 349292 and 4.
4
Calculate the highest common factor of 60 and 344220.
60
What is the highest common factor of 5 and 452515?
5
Calculate the greatest common factor of 14 and 265104.
14
Calculate the greatest common divisor of 19683 and 9.
9
What is the highest common factor of 138 and 404823?
69
Calculate the highest common divisor of 246 and 533.
41
Calculate the highest common factor of 117348 and 10164.
924
What is the greatest common divisor of 56544 and 5928?
456
Calculate the greatest common divisor of 76 and 6161510.
38
What is the greatest common divisor of 12530 and 896?
14
What is the greatest common factor of 720 and 31050?
90
Calculate the highest common factor of 288 and 4707.
9
Calculate the greatest common factor of 58 and 4401852.
58
What is the greatest common divisor of 299 and 31993?
299
What is the greatest common factor of 588 and 14148?
12
Calculate the greatest common divisor of 506 and 55476.
46
Calculate the highest common factor of 369 and 2529.
9
Calculate the highest common divisor of 1440 and 264480.
480
Calculate the greatest common factor of 918982 and 2388.
398
Calculate the highest common divisor of 5159 and 68992.
77
Calculate the greatest common divisor of 12560 and 80.
80
Calculate the highest common factor of 12410 and 204.
34
What is the highest common divisor of 7632 and 4488?
24
What is the greatest common factor of 1035 and 55085?
115
Calculate the greatest common factor of 21160 and 53015.
115
Calculate the greatest common divisor of 236110 and 110.
10
Calculate the highest common factor of 754 and 406.
58
Calculate the greatest common factor of 4860 and 18450.
90
What is the highest common divisor of 21305 and 5?
5
What is the highest common factor of 15834 and 2197?
13
What is the highest common divisor of 624568 and 28?
28
Calculate the greatest common factor of 4136 and 225929.
517
What is the highest common divisor of 65720 and 1720?
40
Calculate the greatest common divisor of 733082 and 14.
14
What is the highest common factor of 112 and 129332?
28
Calculate the greatest common divisor of 13085 and 3595.
5
Calculate the highest common factor of 9295 and 142805.
845
What is the greatest common divisor of 3491 and 5?
1
Calculate the greatest common divisor of 82 and 176300.
82
Calculate the highest common divisor of 485230 and 10.
10
Calculate the greatest common factor of 74 and 4.
2
Calculate the highest common factor of 91854 and 28.
14
What is the greatest common divisor of 36 and 229644?
36
What is the greatest common factor of 3323 and 137?
1
What is the highest common factor of 15858 and 198?
18
Calculate the greatest common divisor of 11778 and 7761.
39
What is the greatest common divisor of 7 and 1895?
1
Calculate the highest common factor of 7200 and 175.
25
What is the greatest common factor of 2235170 and 14?
14
What is the highest common factor of 36 and 194628?
12
Calculate the greatest common divisor of 64 and 936784.
16
What is the greatest common factor of 166460 and 15196?
116
What is the greatest common divisor of 4234 and 15038?
146
What is the highest common divisor of 3324 and 12?
12
